. Suppose -2*m - 5*o = 1, 11 = q*m - 2*o - o. Suppose m*a + 150 = 638. What are the prime factors of a?
2, 61
Let w = -211 - -487. Suppose -4*s - 3*h = -w - 5107, s - 1339 = -3*h. What are the prime factors of s?
2, 337
What are the prime factors of (18315/2)/1 + (-3)/2?
2, 3, 7, 109
Let n be 14 + -12 + 38/2. Let s be (-14)/(-3) - (-7)/n. Suppose 34 = h + 5*q, 3*h - 109 = -s*q + 13. What are the prime factors of h?
2, 11
Suppose -669*v + 86205 = -634*v. List the prime factors of v.
3, 821
Let x(r) = 242*r + 3. Let w(u) = -2*u**2 - 15*u - 3. Let j be w(-7). What are the prime factors of x(j)?
971
Suppose -2*t = -5*m + 3, 5*t + 15 = 2*m + 3*m. Let u be (-210)/(-12)*t/(-5). List the prime factors of 1186/u + (-16)/(-56).
5, 17
Suppose -7*j = j - 8360. Suppose 13*v - 1113 - j = 0. What are the prime factors of v?
2, 83
What are the prime factors of ((-3)/60 - 30261/(-420))*674/4?
2, 3, 337
Let p be 42/(-315) - 16097/(-15). Suppose 0 = 6*q - p + 395. List the prime factors of q.
113
Let p(t) = t**3 + 3*t + 2. Let a be p(-3). Suppose 3*d + 4*y + 235 = 0, 5*y = 2*d + 288 - 93. Let u = a - d. List the prime factors of u.
3, 17
Let h(m) = m**3 + 19*m**2 - 42*m + 41. Let o be h(-20). Suppose -p - o = -3*k + 223, -467 = -2*k + 3*p. What are the prime factors of k?
5, 47
Let p = -71347 + 126755. What are the prime factors of p?
2, 3463
Suppose -4*t + 6*t = 6*l - 57834, 3*t = -3*l + 28893. What are the prime factors of l?
23, 419
Let a(u) be the second derivative of -253*u**3 + 10*u**2 + 5*u - 16. List the prime factors of a(-1).
2, 769
Let i(a) = -a**3 - 4*a**2 - 2*a - 2. Let u(g) = g. Let q(l) = i(l) - u(l). Suppose -2*b - 5*v - 15 = 3*b, -v + 17 = -4*b. What are the prime factors of q(b)?
2, 5
Let a(t) = t**3 + 8*t**2 + 245*t + 28. What are the prime factors of a(24)?
2, 5, 1217
Let l(h) = h**2 - 11*h - 20. Let b be l(13). Suppose 167 = -3*f + b*f + 5*a, 0 = 2*f + a - 109. Suppose -m + 4 = -f. What are the prime factors of m?
2, 29
Let r = -14395 - -14708. What are the prime factors of r?
313
Suppose 25*w - 37 - 63 = 0. Suppose 5*p - 4*s + 2*s - 4465 = 0, w*p - 3*s = 3579. What are the prime factors of p?
3, 11
Let x = -3317 + 533. What are the prime factors of (x/42)/(4/(-14))?
2, 29
Let c(q) = -2*q**3 - 11*q**2 - 5*q - 6. Let x be c(-5). Let j be ((-10)/(-4) + -1)*10. List the prime factors of 72 - (-5)/j*x.
2, 5, 7
Suppose -2*t - y = -160 - 390, -4*t = -3*y - 1110. Suppose -19 + 379 = -4*k. Let w = k + t. What are the prime factors of w?
2, 3, 31
Suppose 3*v - 2*v + 50094 = 23*v. List the prime factors of v.
3, 11, 23
Let p = -287 - -284. What are the prime factors of (27 - 6)*(495/21 - p)?
2, 3, 31
Let b(v) be the second derivative of 0 + 13/6*v**3 + 0*v**2 + 13*v. List the prime factors of b(3).
3, 13
Suppose 0*m = -3*w - m + 2295, -5*m = w - 751. Suppose 5*v + w = 2*f - 1717, 2*f = 4*v + 2486. List the prime factors of f.
1249
Suppose 47*j = 46*j - 4, 0 = -3*o + 5*j + 42008. What are the prime factors of o?
2, 3499
Let h = -33 - -33. Suppose 0 = -l - h*l + 5. Suppose -l*c = -d - 637, 0 = -5*c - 2*d + 527 + 104. What are the prime factors of c?
127
Let r(m) = -49*m**3 + 8*m**2 - 67*m - 370. What are the prime factors of r(-5)?
2, 5, 17, 37
Suppose 89*u = -2*p + 93*u + 264, -3*p - 2*u = -420. Suppose p*v = 149*v - 7095. What are the prime factors of v?
3, 5, 43
Suppose -64 = -2*r + 282. Let s = r - 127. List the prime factors of s.
2, 23
Suppose 0 = -3*f - 2*o + 31, -5*f - o = 4 - 58. Let x = f + 209. List the prime factors of x.
2, 5, 11
Suppose 2*o - 15874 = -2*t, 0*t - t = 2. What are the prime factors of o?
17, 467
Let r = 18523 - -1227. What are the prime factors of r?
2, 5, 79
Let l = 4713 + 9196. What are the prime factors of l?
7, 1987
Let c(u) = -1 + 9 + 6*u**3 - 13*u**2 + 3 - 3*u**3 + 38*u - 2*u**3. List the prime factors of c(13).
5, 101
Let f = -119 + 108. What are the prime factors of (-5 - f)/(4/206)?
3, 103
Let m = 1124 - 3697. Let u = m - -4603. What are the prime factors of u?
2, 5, 7, 29
Let u = -38 - -38. Suppose u = -8*y - 2654 + 12566. What are the prime factors of y?
3, 7, 59
Let i be (-7)/(-3) - (-11 - -9)/(-6). Let k(j) = 78*j**3 - 3*j**2 - 15*j + 36. List the prime factors of k(i).
2, 3, 103
Suppose -26*t = 213 - 2189. Suppose 5*s - 111 = -r, r - 39 - t = -3*s. List the prime factors of r.
11
Let d(i) be the third derivative of 0 + 5/12*i**4 + 1/2*i**3 + 22*i**2 + 0*i. What are the prime factors of d(6)?
3, 7
Suppose 6*i - 5*i + 299 = -s, 5*s = -2*i - 1498. Let z = 463 + s. What are the prime factors of z?
163
Let i = 37172 + -12779. List the prime factors of i.
3, 47, 173
Let a(i) = i**2. Let n(q) = -16*q**2 - 15*q - 11. Let t(p) = -3*a(p) - n(p). What are the prime factors of t(-7)?
3, 181
Suppose m - 2*n = 3840, -10 = 40*n - 35*n. What are the prime factors of m?
2, 7, 137
Suppose -7 = -5*y + 3. Let x be 324/10*(-2140)/(-321). Suppose -x = -4*d - y*d. List the prime factors of d.
2, 3
Let n = 763 + -93. Suppose 4*z + n = 2*l, -l + 2*z = -2*l + 331. List the prime factors of l.
3, 37
Let u(o) = 3*o - 9. Suppose 0 = -5*q - 4*t - 141 - 88, -3*q - 163 = -4*t. Let r = q + 54. What are the prime factors of u(r)?
2, 3
Let j(o) = 86*o**2 + 112*o - 116. What are the prime factors of j(-17)?
2, 7, 233
Let n be (2/(-4))/((-6)/36). What are the prime factors of (n - ((-90)/4)/(-5))*-38?
3, 19
What are the prime factors of ((-3416)/14)/(-4 + (2 - (-213)/108))?
2, 3, 61
What are the prime factors of (-5 - 320/15)/(5/(-1185))?
79
Suppose 9*f + 158436 = 45*f. List the prime factors of f.
3, 163
Suppose -248*l + 257*l = 205533. What are the prime factors of l?
41, 557
Suppose -548 = 18*z + 59*z - 1549. Let b(n) = -n**2 - 46*n + 84. Let a(v) = 15*v - 28. Let y(q) = -7*a(q) - 2*b(q). List the prime factors of y(z).
197
Let l be (-110)/(-12) - ((-7)/(-6) + -1). Let n(a) = l*a + 10*a - 62 + 6*a. List the prime factors of n(10).
2, 47
Let d be 39/9 - (3 + (-22)/6). Let v = d - -171. Suppose -7*i + v = 4*i. List the prime factors of i.
2
Suppose 0 = -2*c + 5*b + 14, -3*c + 0*c - 25 = 4*b. List the prime factors of ((-35628)/(-54) - c) + (-6)/(-27).
3, 13, 17
Let t(f) be the third derivative of -41*f**4/12 - 65*f**3/6 + 9*f**2 + 7. List the prime factors of t(-2).
3, 11
Suppose 4*z + 196656 = 11*z - 157516. What are the prime factors of z?
2, 7, 13, 139
Suppose -118*s + 3 = -119*s, 2*y - 2*s - 54432 = 0. List the prime factors of y.
3, 47, 193
Suppose 0 = -4*g + g + 27. Let h = -11 + g. Let s = 28 + h. What are the prime factors of s?
2, 13
Let p(n) = -312*n - 25. Let a be p(-3). Suppose 4*z - 481 = a. List the prime factors of z.
2, 3, 29
Let i(s) = 25*s**2 + 90*s + 67. Let q(j) = 6*j**2 + 23*j + 17. Let o(m) = -2*i(m) + 9*q(m). List the prime factors of o(-13).
2, 43
Let g(h) = 23*h**2 - 266*h - 78. List the prime factors of g(25).
3, 2549
Let r(h) = 2*h**3 + h - 1. Let p be (-16)/(-6) - (-3)/9. What are the prime factors of r(p)?
2, 7
Let i(l) = 49*l**2 + 8*l - 18. Let p(z) = -100*z**2 - 15*z + 35. Let a(b) = 9*i(b) + 4*p(b). What are the prime factors of a(5)?
1063
Let m be -165*(-17)/(255/(-18)). Let t = m + 265. What are the prime factors of t?
67
Suppose -608460 + 39570 = -70*l. What are the prime factors of l?
3, 7, 43
Let x(n) = 239*n**3 - 6*n**2 + 14*n - 52. What are the prime factors of x(3)?
6389
Let q(m) = 3*m**2 - 5*m + 16. Let c be (4/12)/(6/(-36)). Let u be 1/c - (-234)/36. What are the prime factors of q(u)?
2, 47
Suppose -2*q = -p - 60116, 35*q - 3*p = 30*q + 150288. What are the prime factors of q?
2, 3, 5, 167
Let h = 25164 - -10824. List the prime factors of h.
2, 3, 2999
Let t = 5004 - 364. What are the prime factors of t?
2, 5, 29
Suppose 8*y + 6*y = 106288. List the prime factors of ((-8)/6)/(-3 - y/(-2532)).
2, 211
Let m(d) = 3*d**2 - d. Let o be (-4*2/4 + 3)*-1. Let c be m(o). Suppose 0 = -c*q - 51 + 179. What are the prime factors of q?
2
Suppose -14*d + 91 = -7*d. Suppose -d*j = -18*j - 3*t + 227, 0 = -j + 5*t + 51. What are the prime factors of j?
2, 23
Let z(u) = -u**2 + 2*u + 16. Let h be z(4). Suppose -h*g + 9515 = 2547. What are the prime factors of g?
13, 67
Let d = -6 - -60. Let m = -51 + d. Suppose -m*k - 56 + 317 = 0. List the prime factors of k.
3, 29
Let k(i) = i**3 + 4*i**2 + 3*i + 1. Let d be k(-1). 